e the remainder when x(-4) is divided by j(3).
11
Suppose -35*n - 60 = -47*n. Suppose b + 16 = n*b, -3*j + 53 = 5*b. Calculate the remainder when 63 is divided by j.
8
Let x be (200/(-15))/(-2)*(54 + 0). Suppose 5*t = 0, -4*t = -2*p + t + x. What is the remainder when p is divided by 31?
25
Let l = -82 - -145. What is the remainder when (l/(-12) - -2)*(2 + -22) is divided by 4?
1
Calculate the remainder when 1248 is divided by 1218/15*(60 + -55).
30
Let r(g) = 33*g - 12*g - 13*g + 12*g**2 + 13. Let p be r(-4). Let i = 88 + p. Calculate the remainder when i is divided by 44.
41
Suppose 4*v - 21 = c, 16 = -4*c - 4. Suppose 2*l - v*t = -2*t + 58, 5*l = 4*t + 142. Let r = -10 + 113. What is the remainder when r is divided by l?
25
Let m be 6 - 4 - (-17 + -2)*-9. Let z = m + 195. What is the remainder when z is divided by 8?
2
Let t be 28/(12/(-21) - 4/(-6)). Suppose 3*z - 10*z = -t. Calculate the remainder when 83 is divided by z.
41
Let l be 3/(-2)*28/(-189)*-63. Suppose -n = -6*n. Let v = n - l. What is the remainder when 36 is divided by v?
8
Let m = 69 - -557. Let a = -525 + m. What is the remainder when 200 is divided by a?
99
Suppose -4*n + 4*g + 16 = 0, 3*g = -n + 5 - 1. Suppose 240 = 3*v - 2*v - s, 4*s - 984 = -n*v. Calculate the remainder when v is divided by 63.
54
Let g = -4101 + 4398. Calculate the remainder when g is divided by 294.
3
Suppose -s = 5*v - 32, -46 = -955*s + 953*s - v. Calculate the remainder when 747 is divided by s.
21
Suppose 399 = 2*d + 5*y, 4*d + 0*y = -2*y + 822. Suppose d = 28*c - 19*c. What is the remainder when c is divided by 13?
10
Suppose 5*o + 2*c - 1582 = 0, -5*o + 549 = 3*c - 1039. Calculate the remainder when o is divided by 126.
62
Suppose 0 = -g - 4*y + 37, -2*y + 7*y - 39 = -g. Suppose 28*s = g*s - 467. Calculate the remainder when s is divided by 26.
25
Suppose -3*a = 12, -2*r + 100 = -3*a - 2*a. Suppose 2*j + 52 = -r. Let s = j - -95. Calculate the remainder when s is divided by 26.
23
Let q = 106 - 71. Let r = 628 - 346. Suppose -r*m - 695 = -287*m. Calculate the remainder when m is divided by q.
34
Suppose 13*k - 793 - 1363 = 2*k. Calculate the remainder when 531 is divided by k.
139
Let y be 0 + 4/(-3 - 1). Let r(n) = -33*n**3 + n**2 - 2*n - 4. What is the remainder when 445 is divided by r(y)?
29
Let a be 3 - 1 - 3/(-3). Let j = a + 23. Let z = -902 + 911. Calculate the remainder when j is divided by z.
8
Let m = 29 + -55. Let p = 61 + m. What is the remainder when p is divided by ((-6)/(-7))/((-42)/(-490))?
5
Suppose 0 = -3*r - 6, -11*n + 4*r + 187 = -10*n. What is the remainder when n is divided by 26?
23
Let j(o) = 4*o - 68. Let v be j(-17). Let y = 183 + v. What is the remainder when 175 is divided by y?
34
What is the remainder when -8 + 1 + (-72)/132 + 2454/22 is divided by 35?
34
Let w = 9856 - 9846. What is the remainder when 756 is divided by w?
6
Let q(p) = 58*p + 768. Calculate the remainder when 421 is divided by q(-12).
61
What is the remainder when (-46 + 50)*1449/28 is divided by 164?
43
Let y be -2*35/28*(-72)/10. Let l = y + -8. What is the remainder when 78 is divided by l?
8
What is the remainder when 10*(21919/115 - -13) is divided by 21?
20
Let k = -142 + 131. Let z = 40 + k. Calculate the remainder when 37 is divided by z.
8
Suppose -3*y + 20 = -2*y. Let q = -3696 + 3719. Let i = q - y. Calculate the remainder when 31 is divided by i.
1
Let y(n) = -n**3 + 6*n**2 - 4*n + 6. Let k be y(4). Suppose -l + k = -6. Suppose -30*s + 11 = -152 - 287. Calculate the remainder when l is divided by s.
13
Let j be 5/(-3) - (-192)/(-9). Let l(r) = -10*r - 102. What is the remainder when l(j) is divided by 13?
11
What is the remainder when 4 - (-4 - (321 - 7)) is divided by 78?
10
What is the remainder when 382 is divided by 1*160 + (63 - 53) + 4*-2?
58
Let y(z) = z**3 - 20*z**2 - 18*z - 59. Let w be y(21). Suppose 5*l - 72 = -r, 3*r + w*l + 26 - 187 = 0. What is the remainder when r is divided by 10?
7
Suppose -8*z = -2*d - 5*z + 5, -5*z = -3*d + 6. Suppose 0 = d*x - 12*x + 1045. What is the remainder when x is divided by 56?
41
Suppose 0 = 3*d + 4*p - 182, -4*d + p + 234 = -53. What is the remainder when 362 is divided by d?
12
Suppose 3*f + f - 376 = 0. Suppose 96 = 5*n + 2*l, 0 = 3*n - 18*l + 17*l - 62. Calculate the remainder when f is divided by n.
14
Let f(t) = -26*t + 33. Let r be f(18). Let m be (-10)/30 + r/(-9). Suppose -z = -6*z + 15, 2*p + 4*z = m. Calculate the remainder when 71 is divided by p.
17
Suppose 0 = n + 30 - 121. Suppose 0 = n*d - 89*d - 112. What is the remainder when 557 is divided by d?
53
Let m(o) = o**2 + 469*o + 31. What is the remainder when 49 is divided by m(0)?
18
Let c(y) = 11*y**2 + 2*y. Let z be 8/(-12)*-2*(-3)/(-2). What is the remainder when c(z) is divided by 14?
6
Let p be (-782)/(-230) + (-6)/(-10). Suppose 2*o - 27 = -p*l + 33, -o - 5*l + 15 = 0. Calculate the remainder when o is divided by 12.
4
Suppose u + 2*u - 15 = 0. Let w = 551 + -535. Suppose 33 = w*m - 15*m. Calculate the remainder when m is divided by u.
3
Suppose 0 = 2*n - 16*n. Calculate the remainder when 7/((-63)/(-15))*(n + 90) is divided by 77.
73
Let u(p) = p**3 - 4*p**2 - 7*p - 6. Let i(a) = 2 + 7*a - 1 - 3 - 5. What is the remainder when u(6) is divided by i(2)?
3
Suppose m - 4*y = 4*m - 28, 4*m - 4 = 3*y. Suppose -2*w - 12 = -m*s, -s + 15 = 4*s + 3*w. What is the remainder when ((-4)/6)/(4/(-78)) is divided by s?
1
Suppose -4*v + 1018 = 4*x - 490, -746 = -2*x + 2*v. Let l = x + -132. Calculate the remainder when l is divided by 61.
60
Suppose -4*v = r - 243, -2*v + 199 = -3*r + 900. Suppose -4*d + 126 = -331*b + 333*b, -2*d - 173 = -3*b. What is the remainder when r is divided by b?
58
Let f = 3366 + -2755. Calculate the remainder when f is divided by 9.
8
Suppose 229 = -10*n + 2089. Suppose -2*v - 3*m + 7*m = -186, 2*v + 4*m - n = 0. Calculate the remainder when v is divided by 53.
40
Let v be (3 - 0)*(-1275)/(-75). Suppose -v = 8*w - 67. What is the remainder when 22 is divided by w?
0
Let h = 240 + -247. Let a(t) = t**3 + 7*t**2 - 2*t - 4. Calculate the remainder when a(h) is divided by 3.
1
Let f(y) = -20*y + 254. What is the remainder when 1019 is divided by f(11)?
33
Let a(r) = -120*r - 1029. What is the remainder when 863 is divided by a(-9)?
47
Let r(s) = 384*s**2 - 37*s + 39. What is the remainder when r(1) is divided by 127?
5
Suppose -10*j + 9*j - 19 = 0. Let b be j/(-4) + 30/(-40). Suppose -5*y + 78 = b*p, -5*p + 23 = 2*y - 15. Calculate the remainder when y is divided by 9.
5
Let a = -2 + 2. Suppose a = -t - 3*x + 18, -t + 5*x - 10 = -68. What is the remainder when t is divided by 2?
1
Suppose -5*b = b - 24. Let t be (80/b)/((-2)/7). Let u = t - -76. What is the remainder when 17 is divided by u?
5
Suppose -64*c + 67*c = -3, -2*j = -c - 27277. Calculate the remainder when j is divided by 21.
9
Let s(m) = 44*m - 1135. Let u = -43 + 96. Calculate the remainder when u is divided by s(26).
8
Suppose 225*z + 10388 = 278*z. Calculate the remainder when 9407 is divided by z.
195
Let q = 166 + -312. Let j = -110 - q. What is the remainder when 69 is divided by j?
33
Let h = 4551 + -4242. What is the remainder when h is divided by 162?
147
Suppose 31*s - 474 = 5137. Calculate the remainder when s is divided by 45.
1
Let m(y) = 13*y**2 + 157*y + 2222. What is the remainder when m(-13) is divided by 53?
46
Suppose 5*o + 2*h + 6 = 3*o, -3*o + h + 3 = 0. Suppose o*m - 968 = -8*m. What is the remainder when m is divided by 18?
13
Suppose 3*x - 4*x - 49 = 0. Calculate the remainder when (-1 - x) + 2/(-2) is divided by 19 + (-1 - 3) - (-1 - -2).
5
Let a be (-6)/(-21) + 208/7. Suppose 4*q - 68*z - 623 = -63*z, -334 = -2*q - 2*z. Suppose q - a = r. What is the remainder when r is divided by 27?
24
Let d(s) = 0*s - 6 - 3*s + 38*s**2 - 1 - 7*s**2 - 2*s. Calculate the remainder when d(3) is divided by 43.
42
Let d be 2*((2 - 0) + 1/2). Suppose 0 = -3*l + d*z + 92, -3*l + 85 = -0*l + 2*z. What is the remainder when l is divided by 1?
0
Suppose -2*m + 0*m = -h - 139, -5*h = 25. Let a = 1415 - 1391. What is the remainder when m is divided by a?
19
Let y = 465 + -246. Calculate the remainder when y is divided by 82.
55
Suppose -2*l = -2*z - 244, 2*z + 130 = l + 1. What is the remainder 